 = 2*y + 2*k, -y = 5*k + 17. Let h = 9 + 16. Suppose -79 + h = -y*s. What is the tens digit of s?
1
Suppose -3*v - 110 = -4*v - a, -550 = -5*v + 3*a. Suppose -v = -2*w + 20. What is the tens digit of w?
6
Let q(m) = m**2 + m. Let v be q(1). Let d be ((-1)/v + 0)*0. Suppose -5*z + 5*l - 6 = -36, d = 3*z - l - 28. What is the tens digit of z?
1
Let t be 4/5*(-30)/(-1). Suppose -5*y = 4*l + 5, 3*y + 0*l - t = 3*l. Let k(p) = p**3 - p**2 + p - 3. What is the tens digit of k(y)?
1
Let n be 3 + 2/(6/231). Let c = 8 + n. What is the tens digit of c?
8
Let l(s) = -s**2 + s - 8. Let v(f) = f + 1. Let h(d) = -l(d) + 2*v(d). Let k be h(0). Let q = 6 + k. What is the units digit of q?
6
Let d(n) = -8*n - 2*n + 8 + n**2 + 3*n. Let z be (1/(-3))/(3/(-63)). What is the units digit of d(z)?
8
Suppose 38192 = -89*s + 231945. What is the thousands digit of s?
2
Let o(s) = 23*s**3 - s**2 + s + 1. Let x be o(1). What is the units digit of ((-138)/x)/((-1)/12)?
9
Let p(c) be the third derivative of -c**5/60 + 11*c**4/24 + c**3 + 4*c**2. Let f be ((-9)/6)/((-1)/6). What is the units digit of p(f)?
4
Suppose 4*g + 3 + 5 = 0. Let u(t) = -9*t. Let k be u(g). Let w = 35 - k. What is the tens digit of w?
1
Let w be 622/6 - 2 - (-2)/6. Suppose 0 = -w*o + 106*o - 580. What is the hundreds digit of o?
1
Suppose -2*a + 26 = z, -3*a = -2*z - 2*a + 77. What is the tens digit of z/(-24) + (-179)/(-2)?
8
Let i(f) = -f**3 + 2*f**2 + 2*f - 3. Let a be i(1). Suppose j - l = -a*l + 57, -5*j - 5*l = -325. What is the tens digit of j?
6
Let f be 5 + -526*2/4. Let k = f - -445. What is the units digit of k?
7
Suppose -5*b = 2*w - 516 - 49, 4*b - 2*w - 470 = 0. Let d = 168 - b. What is the units digit of d?
3
Let t(i) = 3*i**2 + 64*i + 20. What is the units digit of t(-23)?
5
Suppose -30 = -5*p + 365. Let r = p - -32. What is the hundreds digit of r?
1
Suppose -4*q + 3*w = -5*q - 222, 3*q = 3*w - 726. Let g = q - -443. What is the units digit of g?
6
Let s = 29 - 6. Suppose -s = -i - 1. What is the units digit of i?
2
Suppose -2*h = 12 - 28. What is the units digit of (14 + h/(-4))/(4/18)?
4
Let i be (10/(-30) - (-11)/(-3)) + 8. What is the tens digit of 6/(-120)*i - (-926)/5?
8
Let y = 513 - 405. What is the units digit of y?
8
Let o be (-3)/(-12)*-6*(-2)/1. Suppose -m + 4*m - 243 = -o*x, 3*x = m - 73. What is the units digit of m?
9
Let a(p) = p**3 + 11*p**2 - 3. Let u(f) be the first derivative of -f**2/2 + f - 4. Let w(o) = -a(o) + u(o). What is the tens digit of w(-11)?
1
Let p be -1 - -7 - (6/(-2) - -6). Suppose -7*v = -p*v - 336. What is the units digit of v?
4
What is the thousands digit of 1480 + 66 + 4/(-2) + 6?
1
Let p = 1385 - 587. What is the tens digit of p?
9
Suppose -c - 3*c = -76. Let t = -11 + c. Suppose 5*w - t = -3. What is the units digit of w?
1
Suppose 0*w - 15 = 3*t - 5*w, -15 = -3*t - 5*w. Suppose 2*r + 24 = 4*m + 5*r, t = 2*m + 5*r + 2. What is the units digit of m?
9
Let u = 103 + -98. Suppose -3*b - 45 = 4*s - 338, u*s = -4*b + 365. What is the tens digit of s?
7
Suppose 2576 = -8*i + 36*i. What is the units digit of i?
2
Suppose 5*o - 566 = -3*g - g, -3 = 3*g. Suppose 0 = -2*a + 4*a - o. What is the tens digit of a?
5
Let d = -61 + 64. Suppose -d*m = -2*z + 300, -3*z + m = 165 - 615. What is the units digit of z?
0
Let g(d) = -d**2 - 5*d - 3. Let t be g(-3). Let j(r) = 6*r**2 + r + 1. What is the tens digit of j(t)?
5
Suppose 8*k - 3000 = 648. Suppose -2 = -r, 0*g - k = -5*g + 2*r. What is the tens digit of g?
9
What is the hundreds digit of (-245868)/(-840) - 3/(-10)?
2
Let s = 7 - 2. Suppose l - 60 = -p - s, -47 = -l + p. Suppose j - l = -2*q, -2*j + q = 3*q - 94. What is the tens digit of j?
4
Suppose n + 5*k = 2086, -8*n + 5*n + k = -6258. What is the units digit of n?
6
Suppose -22*f = -24*f - 20. Suppose 0*y + 5*y - 4*p = -32, -3*y + 2*p - 18 = 0. What is the units digit of ((-12)/f)/(y/(-120))?
6
Let c = 2491 + -2454. What is the tens digit of c?
3
Let w be 7*8/14*1. What is the units digit of 27 - w/(-3 + 2)?
1
What is the units digit of (-4)/(-22) - 14976/(-33)?
4
Suppose 3*a = -2*b + 958, 5*a + 5*b - 2*b - 1596 = 0. Suppose -a - 151 = -7*r. What is the tens digit of r?
6
Suppose -5*d = 3*t - 5, 2*t + 0*d = -2*d + 2. Let r(z) = z**2 - z - 12. Let f be r(t). What is the units digit of (-39)/f + (-1)/4?
3
Suppose 3*z = v - 0*v + 5589, -v = -z + 1865. What is the tens digit of -1*1 + (-5)/((-35)/z)?
6
Suppose -3 = -u, 28 = -v - 5*u - 73. What is the tens digit of (v/6)/(3 + 11/(-3))?
2
Let d(u) = u**2 + 6*u + 12. Let w(x) = x**2 + 6*x + 13. Let s(j) = -4*d(j) + 3*w(j). Let b be s(-4). What is the units digit of b*(-1 - (2 - -1))?
4
Let j = 3 - 9. Let s be -9*(j/(-9) - 0). Let m(k) = 2*k**2 + 8*k + 1. What is the units digit of m(s)?
5
Let v(s) = -5*s**2 + 62. Let z be v(0). Suppose -i + 201 + z = -c, 0 = -4*c + 20. What is the tens digit of i?
6
Suppose 2*o - 35 = 3*x - 2*o, -x + 20 = 5*o. What is the tens digit of x - 2*(-4 - 72)?
4
Suppose -2*w = 3*u - 4 + 2, 4*u + 16 = 2*w. Let r be 10/(-25) - u/5. What is the units digit of r - -1 - 3/(-3)?
2
Let q be 7/(42/45)*-2. Let j be q + 7/((-14)/(-4)). Let a(g) = -g - 10. What is the units digit of a(j)?
3
Let q(t) = -2*t + 6. Let j be q(4). Let r(c) = 13*c**2 + 2*c + 4. What is the units digit of r(j)?
2
Let k be (-10)/(-1)*(-225)/(-18). Suppose k = 4*p + 29. What is the units digit of p?
4
Let x = -607 - -609. What is the units digit of x?
2
Let w = 4 - -14. Suppose 2*k + 36 = 4*k - b, b = k - w. What is the units digit of k?
8
Let i(d) = d**3 - 4*d**2 - 14*d + 19. Let p = 63 + -55. What is the hundreds digit of i(p)?
1
Suppose -11*z + 15*z = 12. Suppose 0*r + z*v + 266 = 4*r, 0 = 4*v + 8. What is the units digit of r?
5
Suppose 0 = -5*z - o - 238, -3*o = 2*z - 0*z + 90. Let i = z + 158. Suppose 8*h = 3*h + i. What is the units digit of h?
2
Let b be (-5)/(15/(-243)) - 2. Let k be -2 - -2 - (-3 + b). Let n = k - -142. What is the units digit of n?
6
Let j = 2496 + -1696. Suppose -10*d + j = -0*d. What is the tens digit of d?
8
Let f = 18 + -28. Let k be 16/(-5)*f/4. Suppose u = 3*u - k. What is the units digit of u?
4
Let t be (9/3)/(6/234). Suppose 3*h - t - 9 = 0. What is the tens digit of h?
4
Let n = -90 + 101. Suppose -n*s + 538 = -1651. What is the hundreds digit of s?
1
Let s(x) = -2*x**2 + 26*x - 7. Let p be s(10). Let t = p - 10. What is the units digit of t?
3
Suppose 39 = 3*m - 12. Suppose -m*o + 15*o + 42 = 0. What is the tens digit of o?
2
Let m = -8 - -8. Suppose p + 436 = -m*p. What is the tens digit of (-10)/(-55) - p/22?
2
Let x = 24 - 22. Suppose x*v - 15 = -3. What is the units digit of v?
6
What is the thousands digit of 95198/86 - 4/(-86)?
1
Let v(p) be the first derivative of 1/3*p**3 + 12*p + 4*p**2 - 10. What is the units digit of v(-8)?
2
Suppose -4*t = -2*t. Let b be ((-10)/2)/(-1)*29. Suppose m - 6*m + b = t. What is the tens digit of m?
2
Let q(p) = -p + 2. Let b be q(0). What is the tens digit of b/4*(0/(-4) - -188)?
9
Let r = 340 + 0. What is the tens digit of r?
4
Let m(p) = 15*p**2 - 4*p - 6. Suppose 0 = 5*l + 34 - 49. What is the tens digit of m(l)?
1
Let g be 612/99 - 4/22. Suppose g*x = 124 + 50. What is the units digit of x?
9
What is the units digit of (-4885)/(-5) - (13 + -11)?
5
Let s(o) = 7*o + 657. What is the tens digit of s(68)?
3
Suppose 16*f = -24906 + 60442. What is the tens digit of f?
2
Let i(g) = g**3 + 6*g**2 - 9*g + 1. What is the units digit of i(6)?
9
Suppose -4*r = 3*t - 3484 + 785, 2*r + 2 = 0. What is the hundreds digit of t?
9
Let b = -140 + 262. What is the tens digit of b?
2
What is the units digit of 3672/(7 + -1) + -4 + 3?
1
Suppose -3*b + 7323 = 3*f, -4*b - 5*f = -635 - 9126. What is the tens digit of b?
4
Let x be (-360)/(-10)*4/(-6). Let v = 20 + x. What is the tens digit of 120/v*3/(-5)?
1
Suppose -1284*y + 1297*y - 23270 = 0. What is the hundreds digit of y?
7
Let d(f) = -26*f**2 - f + 3. Let w(q) = -27*q**2 - 2*q + 2. Let l(p) = 4*d(p) - 5*w(p). What is the tens digit of l(-2)?
1
Let l(a) = 5*a + a**2 - 2*a**2 - 21 + 14*a - 7*a. What is the tens digit of l(7)?
1
Suppose 2108 = 3*i + 4*k, -4*i + 2*k = -k - 2794. Suppose 10*b = i + 410. What is the hundreds digit of b?
1
Let t = 89 - -705. What is the tens digit of t?
9
Let b = -53 - -